-13
20 - (11 + (8 - (-10 + 19)))
10
(13 - 19) + -2 + 0 + 16
8
What is the value of -229 + 245 - (10 - (-4 - -3))?
5
What is 4 + ((-12 - 5) + 3 - -5 - -1)?
-4
Evaluate 1 + 5 + (3 - -1) + (-38 - -33).
5
(-23 + 5 - -27) + -25
-16
2 + -3 + -2 - (99 + -101)
-1
What is the value of (-2 - -11) + -2 - 10 - -9?
6
What is (8 - 2) + -4 + 0 + (-12 - -11)?
1
-10 + -17 + 32 - 10
-5
Evaluate -13 + 8 + -8 - ((-8 - 0) + 6).
-11
2 + (-9 + 7 - ((2 - 4) + 10))
-8
What is (-5 - -17 - 47) + -4 - -15?
-24
Calculate -11 + (-17 - -36) + (-9 - -3) + 15.
17
-3 - (21 - 6 - 24)
6
What is -31 - (41 + -21 - 38)?
-13
What is the value of -17 + -5 - (34 - 62)?
6
(1 - (6 - 5) - 7) + 5
-2
-7 + (2 - (-12 - -3))
4
Evaluate (49 - 22) + -30 + 13.
10
Calculate -2 - -13 - (5 + -10 - -13).
3
What is 2 + (1 + -7 - ((5 - 3) + -6))?
0
What is the value of 15 - (45 + 0) - -41?
11
What is the value of (7 - (73 + -54)) + -1 + -3?
-16
Calculate 2 + (-5 - -9) - (1 + -3 + 5).
3
Evaluate -9 - (31 - (44 + -34 - (1 + 2))).
-33
What is the value of 8 + -3 + (-9 + (14 - 0) - -7)?
17
Calculate 32 + -47 + (-3 - 6) - -5.
-19
9 - ((8 - 7) + 1)
7
What is 1 + (10 - -2) - 3?
10
What is the value of (21 - 17) + -33 + 11?
-18
Evaluate -20 + (1 - 30) + 22.
-27
8 - ((9 - (-11 + 8)) + -4)
0
Calculate -11 - 17 - (-14 - 6).
-8
13 + -8 + 8 + (-8 + 6 - 0)
11
Calculate 5 - -4 - (24 - 24).
9
Evaluate -1 - (-2 + 4 + -9) - (-1 + 0).
7
What is the value of -15 - (-11 - -4 - (-6 - (-1 - 5)))?
-8
-6 + 3 + (-26 - -6) + 8
-15
What is the value of 13 + (-20 - 13) + 1?
-19
Calculate 7 - (-35 - -34 - 20).
28
Evaluate 2 + (22 + (0 - 11) - 8).
5
What is the value of 4 - (10 + -7 - 0 - (-10 - 1))?
-10
Evaluate -7 + 3 + -9 + 6 - -17.
10
What is -11 + (-7 - -12) + -17 + 31 + 7?
15
Evaluate -5 + (-2 + 6 + -9 - (6 - 18)).
2
What is (0 - -12 - 4) + 11 + -16?
3
Calculate -4 + (3 - 4) - (-87 - -87) - -12.
7
What is -3 + -2 + -112 + 113?
-4
Evaluate (-39 - -18) + 25 + 27 + 0.
31
Evaluate (0 - -3) + 0 - (26 + 6 + -35).
6
-17 - -2 - (0 + 3 - (-67 - -66))
-19
Calculate (-25 - -63 - 41) + 2 + -7 + -2.
-10
Calculate 1 + 13 - -8 - 9.
13
Calculate -10 + 11 - 0 - (3 - 3).
1
Evaluate 43 + -1 + -16 - 16.
10
Evaluate (122 - 127) + (4 - 0) + 4.
3
Calculate 20 - (-17 - (-41 + 19)).
15
What is the value of (-1 - -22) + 18 + -1 + 2 + -29?
11
Evaluate 5 - (6 - (8 + (-7 - -6 - -2))).
8
What is -26 - -18 - (-14 - -13)?
-7
Calculate 37 + -24 + -3 - 3.
7
Evaluate -4 + 8 + -5 - 7 - (-9 - 6).
7
Evaluate 12 + (15 - (22 - 13)).
18
Evaluate 3 + -11 + (-180 - -191).
3
Evaluate (-722 - -713) + -1 + (1 - -2).
-7
-70 - (-57 - -5) - (-38 - 0)
20
Evaluate (2582 - 2572) + (1 + -2 - 4).
5
What is -3 - -3 - (-8 - -20)?
-12
Calculate (6 + -3 - 0) + -15.
-12
What is the value of (15 - (9 + 13)) + -5?
-12
What is 43 + (-2 - -25) + -35?
31
What is -38 + 11 + 12 - 1?
-16
Evaluate 1 + -18 + (44 - -7).
34
What is the value of -24 + (0 + 14 + -13 - (1 - 5))?
-19
What is the value of -29 - -58 - (8 + -1)?
22
Evaluate -9 - ((-14 + 0 - -10) + 11).
-16
What is the value of (0 - 3) + -55 + 42 + 31?
15
What is the value of (2 - (-6 + -1) - -2) + -9?
2
-1 + ((5 - -3) + 0 - 6)
1
(-8 - (-18 - 0)) + (-16 - 17)
-23
What is (-46 - -45) + (34 - 13)?
20
(-20 - 83) + 65 - (-6 - -1)
-33
What is the value of 1 + (-14 - -10) - (5 - (1 + 0))?
-7
Evaluate 11 - (-11 + 7 - (-9 - (0 - -7))).
-1
Calculate 0 + (16 - 37) - -23.
2
-9 + -9 + 14 - (2 + -18)
12
What is -26 - -34 - (3 - 1)?
6
What is the value of -5 + -25 + 5 - ((25 - 3) + -14)?
-33
(-7 - (8 - 32 - -10)) + -16
-9
-20 + (-13 - -37) + -11 - (4 + 6)
-17
(11 - 0) + -557 + 563
17
Calculate (-5 - (0 - 9)) + 5 + -12.
-3
What is the value of -56 + (-6 - (-28 - 16))?
-18
Evaluate (62 - 54) + (-4 - (5 - (1 + -3))).
-3
What is 5 + -54 - (-247 - -208)?
-10
Evaluate -189 + 212 - (2 + 21).
0
-16 + 37 + (4 - 10)
15
What is 19 - (-4 - 2 - (-82 + 68))?
11
What is 32 + -42 + (-9 - -8)?
-11
Evaluate 0 - -37 - (45 - 38).
30
What is (9 - 15) + (18 - 3)?
9
Calculate -27 - (42 + -15 + -20).
-34
-12 + 28 + -11 + 0
5
Calculate -11 + (51 + (-23 - 5) - (9 + -1)).
4
-31 - (-8 - -9 - 1 - -1) - 0
-32
What is the value of (-10 - 2 - -7) + -2 + (6 - 0)?
-1
Evaluate (-15 - -12) + 1 + 5 + -9.
-6
Evaluate (1 - -2 - 11) + -4 + -6.
-18
Calculate 15 + 1 + -56 + 31.
-9
What is the value of (-10 - 2) + (-34 - -42)?
-4
Calculate 19 + -22 + -5 + 11.
3
-7 + 1 + 3 - 8 - 1
-12
Evaluate -7 + -1 + -33 + (-10 - -45).
-6
Calculate (60 - 73 - -14) + -21 + 1.
-19
What is the value of -5 + -4 - -9 - ((-1 - -4) + -8)?
5
What is -2 + 24 - (376 - 352)?
-2
-20 + 17 + 18 + -9
6
Calculate 3 + (21 - -4) + -28.
0
Evaluate (-19 - 9) + -4 - -21.
-11
What is the value of (25 - 32) + (-1 + 2 - 3)?
-9
What is (-10 - -19) + 10 + -20?
-1
-15 - (-7 + (-23 - -24))
-9
20 + -63 - (-32 - -11)
-22
Calculate -1 + 0 + (111 - 101) + 8.
17
What is -88 - -53 - (-33 - -20)?
-22
39 - (14 - 31 - (0 + -18))
38
Calculate -40 - -44 - (7 + -3 - 3).
3
Evaluate 2 + (-7 - -3 - 11 - 2).
-15
What is the value of 0 + 26 + (-1 - 15 - -3)?
13
What is (-4 - (6 + -3) - 1) + 3?
-5
Evaluate 1 + (-10 - -3 - -17).
11
Evaluate 3 - (-3 + -5 - (7 + -4 + 5)).
19
Evaluate (7 - 24) + (-3 - (-6 + 0 + 0)).
-14
Evaluate -11 - (-3 - 1 - (14 + -37 - -64)).
34
Evaluate 14 - (14 + -8 + -6 - 1).
15
-10 + (-12 - (5 - 19) - 6)
-14
What is the value of 1 + 4 - (-19 - (-2 - 16)) - 6?
0
What is (6 + -3 - 10) + 7 - (-8 - -1)?
7
Calculate 5 + -7 + (-5 - -10) + -10.
-7
What is the value of 8 + -9 + 4 - (-15 - (7 + 0))?
25
Evaluate 21 + (9 - 7) + 1 + -1.
23
What is the value of -1 + -12 + (40 - 62) - -14?
-21
Calculate -3 + -26 + -13 + 11 + 12 + -12.
-31
Evaluate 9 + -26 - (-10 + -18) - 2.
9
Calculate 109 + -129 + 7 + (-1 - -1).
-13
What is (-19 - 24 - -15) + 16?
-12
Calculate -1 + 3 + (3 - 4) + -6 + 5.
0
What is the value of 7 - -1 - (198 + -195)?
5
Evaluate (10 - (-11 - -12)) + -21.
-12
What is the value of -1 - (-4 - -17 - 11) - -3?
0
Evaluate -17 - (-10 + 11 + -7 + -2 + 4).
-13
Calculate (-6 - -3) + -12 - -14.
-1
Calculate 0 - (-6 + -23 + 14).
15
What is the value of (16 - 3) + 24 + -35?
2
What is the value of (-13 - -60) + -129 + 118?
36
What is the value of -4 + 1 - (-19 + (-4 - (-1 + -5)))?
14
Calculate 36 + (54 - 88) + -13 + -1.
-12
Evaluate -14 + 0 - (-30 - -11 - -2).
3
What is the value of 3 + -12 + 15 - (-20 + 1)?
25
Calculate 68 + -70 + (4 - 2).
0
What is the value of -24 + -16 + -11 - -18?
-33
What is the value of 13 + (-1 - 17 - -5) + -9?
-9
Evaluate -6 - -26 - 24 - 15.
-19
Calculate (9 - 9) + (4 - -10).
14
3 + (-18 + 20 - 12)
-7
Evaluate 0 + 37 - (-13 - -17) - (-3 + 14).
22
Calculate -6 + (-3 - -10) - (-2 + 2).
1
Calculate 250 + -244 + 1 + -24.
-17
Evaluate -24 + 22 - (8 - -1).
-11
Evaluate 2 + -6 + -2 - (-3 - -6).
-9
Evaluate -7 + (10 - 12 - (10 - 1)).
-18
Evaluate 4 + -21 + -4 + 11.
-10
Calculate -31 + (-10 - (-7 - 20)).
-14
-4 - (-2 - (0 + (5 - 14 - -17)))
6
What is the value of 49 + -38 + -6 + (4 + 1 - -1)?
11
What is the value of -1 - (-48 + 7) - 21?
19
58 + -32 - 12 - 11
3
What is the value of -1163 + 1164 + 4 + (-1 - -1 - -1)?
6
(0 - 4) + (-6 - (52 - 64))
2
What is the value of 4 - (1 - (-16 - -8)) - 8?
-13
What is -9 + 19 + 0 + -5 + -5?
0
Evaluate 7 + (19 - 47) + 25.
4
Calculate -1 - -1 - (-9 + 5 + -1 - -6).
-1
Evaluate 3 + -8 - 4 - -2 - -3.
-4
28 + (-50 - (14 + -43))
7
-14 - -37 - 58 - -24
-11
Evaluate -13 + 11 + -15 + 7.
-10
What is the value of 0 + -2 + (-35 - (-47 - -5))?
5
What is -30 + 17 + 4 + 31?
22
Evaluate 7 - 4 - -12 - -1.
16
-675 + 688 - (-1 - -28)
-14
Calculate -14 + (-5 - (3 - 5)) - (-810 - -805).
-12
(-4 - (-15 - -11)) + -8 + 12
4
Calculate -6 + 3 + (16 - 11) + 2 + -6.
-2
What is (6 - (1 - 2)) + 715 + -724?
-2
Evaluate (-1 - (-20 - 6)) + -15.
10
-3 - 33 - -29 - (-2 + -34)
29
-17 - (1 - (17 - 5)) - (2 - 7)
-1
5 - (-4 - 1 - -21)
-11
What is 17 + (-2 - -1 - 15)?
1
Calculate 18 + -9 + -11 + 10.
8
Calculate -10 - ((9 - 1) + -26).
8
-1 - 2 - (-2 - 0 - (-22 + 41))
18
12 - (-6 - (27 - 52))
-7
3 + (-7 - 1) + 23 + -5
13
Evaluate 3 + 2 + -9 + 14 + 3 + 2.
15
What is the value of 3 + -8 + (7 - 8) + 6 + 13?
13
Calculate 2 + -4 + -10 + (3 - -3) - 3.
-9
((0 - 0) + 4 - 11) + -12 + 29
10
What is (-137 - -146) + 15 + 8?
32
What is the value of 38 + (33 + -75 - 20)?
-24
-3 + -3 + -2 + (0 - -4)
-4
What is -3 + 1 - (-15 - 23 - -45)?
-9
-12 